lse
Does 4 divide 3452?
True
Does 27 divide 1998?
True
Does 47 divide 4794?
True
Does 5 divide 38968?
False
Does 14 divide 432?
False
Does 8 divide 1688?
True
Is 6 a factor of 523?
False
Is 27 a factor of 331?
False
Is 72 a factor of 6941?
False
Is 14032 a multiple of 16?
True
Is 325 a multiple of 12?
False
Is 9328 a multiple of 4?
True
Is 3180 a multiple of 15?
True
Is 447 a multiple of 33?
False
Is 12 a factor of 20520?
True
Does 32 divide 576?
True
Is 140 a factor of 22392?
False
Is 10132 a multiple of 149?
True
Does 10 divide 6445?
False
Is 966 a multiple of 42?
True
Is 22 a factor of 37838?
False
Does 14 divide 2580?
False
Is 5 a factor of 10543?
False
Is 8280 a multiple of 92?
True
Is 15745 a multiple of 5?
True
Is 1838 a multiple of 2?
True
Does 265 divide 3445?
True
Does 11 divide 496?
False
Is 279 a factor of 1486?
False
Is 10 a factor of 363?
False
Is 7 a factor of 5078?
False
Is 2208 a multiple of 15?
False
Is 8 a factor of 24808?
True
Is 26 a factor of 26?
True
Is 3333 a multiple of 101?
True
Is 51 a factor of 816?
True
Is 16 a factor of 1544?
False
Does 61 divide 61?
True
Is 6853 a multiple of 250?
False
Does 26 divide 6407?
False
Does 13 divide 2437?
False
Is 92924 a multiple of 13?
True
Is 9 a factor of 168?
False
Is 561 a multiple of 33?
True
Is 12 a factor of 21900?
True
Does 41 divide 1763?
True
Is 25 a factor of 2546?
False
Is 17 a factor of 2573?
False
Is 48 a factor of 1680?
True
Is 184 a multiple of 8?
True
Is 45 a multiple of 9?
True
Is 128 a multiple of 16?
True
Is 11 a factor of 1205?
False
Is 17 a factor of 3937?
False
Is 1983 a multiple of 24?
False
Is 600 a multiple of 20?
True
Is 13 a factor of 3934?
False
Does 84 divide 997?
False
Is 8355 a multiple of 15?
True
Does 14 divide 2335?
False
Is 1183 a multiple of 7?
True
Does 3 divide 3161?
False
Is 91511 a multiple of 17?
True
Is 10 a factor of 8098?
False
Is 42 a factor of 2184?
True
Is 42588 a multiple of 338?
True
Is 17832 a multiple of 12?
True
Is 1062 a multiple of 25?
False
Does 14 divide 238?
True
Is 41718 a multiple of 187?
False
Is 35 a factor of 4441?
False
Is 6 a factor of 606?
True
Is 15 a factor of 20043?
False
Is 9 a factor of 27?
True
Is 62 a factor of 5270?
True
Is 39 a factor of 13143?
True
Is 11280 a multiple of 48?
True
Does 56 divide 280?
True
Does 13 divide 2808?
True
Does 8 divide 19292?
False
Is 2826 a multiple of 18?
True
Is 131 a multiple of 5?
False
Does 34 divide 13845?
False
Is 17 a factor of 13046?
False
Does 17 divide 2397?
True
Is 106408 a multiple of 23?
False
Does 61 divide 3119?
False
Does 29 divide 1149?
False
Does 10 divide 8830?
True
Is 58 a factor of 24244?
True
Does 44 divide 15339?
False
Does 3 divide 7998?
True
Is 51 a factor of 14127?
True
Is 117 a factor of 2424?
False
Is 36 a factor of 51024?
False
Is 9 a factor of 6191?
False
Is 1681 a multiple of 17?
False
Does 119 divide 1701?
False
Is 443 a multiple of 9?
False
Is 84207 a multiple of 128?
False
Is 14 a factor of 6832?
True
Is 82 even?
True
Is 9 a factor of 767?
False
Does 80 divide 25280?
True
Is 63 a factor of 126?
True
Does 23 divide 10833?
True
Does 31 divide 372?
True
Is 15 a factor of 6698?
False
Does 4 divide 7564?
True
Does 4 divide 1640?
True
Does 27 divide 837?
True
Is 160 a multiple of 10?
True
Does 4 divide 26662?
False
Does 219 divide 32850?
True
Is 1701 a multiple of 19?
False
Is 41 a factor of 22808?
False
Is 1955 a multiple of 23?
True
Is 17 a factor of 5542?
True
Does 34 divide 5544?
False
Does 34 divide 4896?
True
Is 7 a factor of 262?
False
Is 9 a factor of 3732?
False
Does 19 divide 42712?
True
Is 10 a factor of 530?
True
Is 4695 a multiple of 195?
False
Does 5 divide 55?
True
Is 1437 a multiple of 20?
False
Does 19 divide 17016?
False
Is 602 a multiple of 12?
False
Is 33 a factor of 18282?
True
Is 2746 a multiple of 44?
False
Is 983 a multiple of 43?
False
Does 23 divide 598?
True
Is 122 a factor of 3130?
False
Is 16382 a multiple of 27?
False
Is 2123 a multiple of 26?
False
Is 18 a factor of 1494?
True
Is 331 a multiple of 21?
False
Does 13 divide 511?
False
Is 20 a factor of 1369?
False
Is 10175 a multiple of 14?
False
Is 3008 a multiple of 47?
True
Is 18 a factor of 448?
False
Is 5 a factor of 255?
True
Does 17 divide 26?
False
Is 318 a multiple of 318?
True
Is 3381 a multiple of 69?
True
Does 90 divide 38520?
True
Is 37 a factor of 11565?
False
Is 6 a factor of 28764?
True
Is 24 a factor of 8256?
True
Is 4 a factor of 92?
True
Does 26 divide 709?
False
Is 681 a multiple of 3?
True
Is 234 a multiple of 7?
False
Is 8778 a multiple of 133?
True
Is 795 a multiple of 34?
False
Does 21 divide 1214?
False
Does 18 divide 37135?
False
Is 2950 a multiple of 25?
True
Is 8 a factor of 1886?
False
Is 1886 a multiple of 82?
True
Is 308 a multiple of 4?
True
Does 95 divide 5884?
False
Is 7876 a multiple of 22?
True
Is 34 a factor of 6643?
False
Is 1075 a multiple of 5?
True
Does 11 divide 231?
True
Is 55 a factor of 49777?
False
Is 7568 a multiple of 8?
True
Does 22 divide 32973?
False
Does 16 divide 480?
True
Is 75 a factor of 55050?
True
Is 1620 a multiple of 10?
True
Is 848 a multiple of 24?
False
Is 277 a factor of 40633?
False
Does 14 divide 210?
True
Is 10 a factor of 877?
False
Is 19635 a multiple of 17?
True
Is 1652 a multiple of 3?
False
Is 34 a factor of 1715?
False
Is 3 a factor of 3291?
True
Is 840 a multiple of 164?
False
Does 126 divide 50904?
True
Is 121 a factor of 226?
False
Is 27 a factor of 3618?
True
Does 11 divide 671?
True
Is 52 a factor of 17004?
True
Does 8 divide 7267?
False
Does 16 divide 1490?
False
Is 88 a multiple of 22?
True
Is 65 a factor of 1755?
True
Is 8 a factor of 304?
True
Is 31 a factor of 19065?
True
Is 13849 a multiple of 80?
False
Is 3773 a multiple of 87?
False
Does 24 divide 1860?
False
Does 49 divide 7203?
True
Does 49 divide 2795?
False
Is 2273 a multiple of 19?
False
Is 828 a multiple of 53?
False
Does 94 divide 29328?
True
Does 33 divide 6234?
False
Does 10 divide 2000?
True
Is 93347 a multiple of 229?
False
Is 1953 a multiple of 31?
True
Is 4 a factor of 3295?
False
Is 9 a factor of 2592?
True
Does 21 divide 21?
True
Is 6309 a multiple of 77?
False
Is 1118 a multiple of 23?
False
Is 12 a factor of 660?
True
Is 819 a multiple of 21?
True
Is 50 a factor of 650?
True
Is 34770 a multiple of 190?
True
Does 46 divide 63559?
False
Is 4786 a multiple of 48?
False
Does 31 divide 5144?
False
Does 124 divide 16368?
True
Is 309 a multiple of 11?
False
Does 25 divide 5275?
True
Is 92 a factor of 9635?
False
Does 5 divide 3485?
True
Is 19 a factor of 722?
True
Is 23157 a multiple of 31?
True
Does 4 divide 166?
False
Is 240 a multiple of 10?
True
Is 19 a factor of 13925?
False
Does 4 divide 995?
False
Is 30 a factor of 270?
True
Is 436 a multiple of 4?
True
Does 96 divide 29856?
True
Is 19 a factor of 2640?
False
Is 313 a multiple of 7?
False
Is 7220 a multiple of 28?
False
Does 165 divide 5364?
False
Is 21 a factor of 2247?
True
Is 6 a factor of 142?
False
Is 7037 a multiple of 8?
False
Is 28061 a multiple of 15?
False
Does 282 divide 49632?
True
Does 10 divide 4828?
False
Does 7 divide 4572?
False
Does 16 divide 10719?
False
Does 25 divide 236?
False
Does 139 divide 2234?
False
Is 680 a multiple of 17?
True
Is 2 a factor of 441?
False
Does 22 divide 3850?
True
Is 3035 even?
False
Does 5 divide 3977?
False
Is 387 a multiple of 4?
False
Is 258 a factor of 48246?
True
Does 8 divide 307?
False
Is 37 a factor of 817?
False
Is 12583 a multiple of 25?
False
Is 26 a factor of 12016?
False
Does 11 divide 355?
False
Is 241 a multiple of 68?
False
Is 1158 a multiple of 104?
False
Does 37 divide 24161?
True
Does 7 divide 580?
False
Does 45 divide 4365?
True
Is 9 a factor of 1008?
True
Does 17 divide 136?
True
Is 170 a multiple of 5?
True
Does 66 divide 14058?
True
Is 18975 a multiple of 115?
True
Is 3 a factor of 108?
True
Is 24 a factor of 3792?
True
Is 2 a factor of 42?
True
Is 945 a multiple of 21?
True
Is 393 a multiple of 12?
False
Is 15 a factor of 113?
False
Is 3080 a multiple of 110?
True
Does 5 divide 32460?
True
Is 29 a factor of 290?
True
Does 3 divide 1008?
True
Is 47 a multiple of 4?
False
Is 9 a factor of 8910?
True
Is 31 a factor of 450?
False
Is 30980 a multiple of 20?
True
Is 1593 a multiple of 9?
True
Is 44144 a mul